ts digit of c?
4
Suppose 5*p - 3*v - 40 = 0, 0 = 8*v - 11*v. Let l(g) = g**3 - 4*g**2 + 10*g - 9. What is the units digit of l(p)?
7
Let k(m) be the first derivative of 6*m**2 - 2*m**2 + 4 + 12 - 27*m + 13*m**2. What is the units digit of k(7)?
1
Suppose -177*w + 210 = -171*w. Suppose -20*j + w = -19*j. What is the tens digit of j?
3
Suppose -5*z + 135 = 5*u, 0 = 3*u + z - 27 - 44. Suppose -16*y - 1434 = -u*y. What is the hundreds digit of y?
2
Suppose 84*z + 56577 = 980745. What is the units digit of z?
2
What is the hundreds digit of (-2)/(-6)*(2 + 5 - -36890)?
2
Let f(k) = 183*k**2 - 40*k + 425. What is the thousands digit of f(9)?
4
Let o = 413 + -23. Suppose j - o = -4*j. What is the tens digit of j?
7
Let v = 4248 - -7059. What is the hundreds digit of v?
3
Suppose -2*j + 2*m - 6535 = -3*j, 26068 = 4*j - 4*m. What is the hundreds digit of j?
5
Suppose d - 660 - 708 = -5*t, -3*d + 4056 = 3*t. What is the units digit of d?
8
Let p(u) = -u**3 + 39*u**2 + 57*u - 242. What is the thousands digit of p(25)?
9
Let i be (4 + -1 + -26)/(1/(-86)). Let k = -763 + i. What is the units digit of k?
5
Suppose b + 4*b = 2715. Let s(l) = 68*l**2 + 10. Let t be s(-3). Suppose -4*n + t = -3*o + 200, 5*n + 4*o - b = 0. What is the tens digit of n?
0
Suppose -3*b = t - 1425, 3*t = -15*b + 13*b + 950. Let p(c) = c**2 - 2*c - 5. Let z be p(4). Suppose -2*f + b = z*f. What is the units digit of f?
5
Suppose 0 = 10*i - 271 - 89. Suppose 2*v + i = 12. Let p = 42 + v. What is the units digit of p?
0
Let x be 5/(-1)*(264/(-40) + 7). What is the tens digit of (-10 - (-6 - x))/((-12)/2416)?
0
Let i = 43 + -37. Let q(x) = 3 - 5 - i + 43*x - 3. What is the units digit of q(4)?
1
Let i be 88 + -91 - (-1 + 1). What is the hundreds digit of -53*5*(i - (-9)/5)?
3
Suppose 0 = 2*d - 56 + 46. Suppose d*o + 4*m = -208, -o - 4*m = -0*o + 48. Let l = 65 - o. What is the units digit of l?
5
What is the units digit of ((-184386)/(-9) + -3)/(261/783)?
3
Let c(w) = w**2 - 188*w - 5822. What is the ten thousands digit of c(-144)?
4
Let z = -34312 + 52185. What is the thousands digit of z?
7
Let w(q) be the third derivative of -7*q**4/8 - 11*q**3/6 - 4*q**2 - 96. Let g be 32/(-6) + 2/6. What is the tens digit of w(g)?
9
Suppose 14*p + 309542 = 19*p - v, 0 = -5*p + 5*v + 309550. What is the hundreds digit of p?
9
Let h be (3/(-12))/((-16)/576). Suppose h*u = 989 + 1765. What is the units digit of u?
6
Suppose 5*g - 4*g = -3. Let s(l) = -l**3 - 50*l + 53*l - 3*l**2 + 5*l**2 + 3*l**2 - 2. What is the tens digit of s(g)?
6
Let c(x) = -x**3 - 4*x**2 - 7*x - 27. Suppose 0 = -6*y + 43 + 5. Suppose i = -y + 2. What is the tens digit of c(i)?
8
Suppose 11*o = 7*o + 176. Suppose 60*z - o*z = 4080. What is the units digit of z?
5
Suppose 3*c = 887 + 246550. What is the ten thousands digit of c?
8
Let m = -18 + 43. Let r be (-3)/(-15) + 995/m. Let z = r - 9. What is the units digit of z?
1
Suppose 25*p + 12330 = 48005. Let y = p + -599. What is the tens digit of y?
2
Suppose -456039 = 2*v - 14*v - 105987. What is the units digit of v?
1
Suppose 3*c = -2*a, -5*c + a + a = -16. Suppose 2*n - 23 = 5*j, 4*n = -j + 7 + 6. Suppose -91 = -r - 2*w, -n*r + w + 177 = -c*r. What is the tens digit of r?
8
Let l be (-2)/((-30)/85) + 2/(-3). Suppose 0 = 3*v - 4*z + 11, -3*v + 2*v + l*z = 22. Suppose 478 = 5*i + 4*h, v + 5 = 4*h. What is the tens digit of i?
9
Let x(i) be the third derivative of -i**6/30 - i**5/12 + 17*i**4/24 + 19*i**3/6 + 138*i**2. What is the thousands digit of x(-7)?
1
Let t(a) be the second derivative of 20*a**3 - 29*a**2/2 + 8*a + 3. What is the units digit of t(3)?
1
Let q(i) = 2. Let c(z) = 1. Let p(d) = -c(d) + q(d). Let y(f) = 3*f - 3. Let s(t) = -4*p(t) + 4*y(t). What is the hundreds digit of s(13)?
1
Suppose -25*w + 16*w - 93920 = -25*w. What is the tens digit of w?
7
Let n = 501 - 117. Suppose 8*w = 4*w + n. Suppose -100*j + w*j = -152. What is the tens digit of j?
3
Let x(j) = 201*j + 10782. What is the units digit of x(0)?
2
Let s(i) = -i**2 + 12*i - 7. Let f be s(4). What is the units digit of -5*(-5)/f - -29?
0
Let h(i) = 363*i**2 - 80*i + 423. What is the thousands digit of h(5)?
9
Let f(l) be the second derivative of -311*l**3/6 + 9*l**2 - 4*l - 1. What is the units digit of f(-5)?
3
Let k(c) = -42 - 2*c - 4*c - 2 - 6*c**3 - 4*c - 7*c**2 - 6*c. What is the tens digit of k(-7)?
8
Suppose 319*q - 19686 = 316*q. Suppose 18*f + 1954 - q = 0. What is the hundreds digit of f?
2
Suppose -5*t = 2*m - 162958 + 39262, t = -2*m + 24736. What is the tens digit of t?
4
Let o = 58 - 30. Suppose 21*w + 798 = o*w. What is the tens digit of w?
1
Let h(l) = -l**3 - 3*l**2 - 3*l - 3. Let j be h(-3). Suppose 0 = j*n - 10*n + 32. What is the tens digit of 18/n*(2 + 61 - -1)?
4
Let g = -91 + 89. Let t(s) = 128*s**2 - 5*s - 13. Let w be t(g). Let i = -302 + w. What is the tens digit of i?
0
Let g = 152 - 36. Suppose -2*f - g = -3*f. What is the tens digit of f?
1
Let l = -17171 + 39082. What is the tens digit of l?
1
Suppose -2*h + h = 5, 0 = -5*n + 4*h - 5. Let m be (-5)/(n/(-16))*(-28)/8. Let v = -36 + m. What is the units digit of v?
0
Let l(n) = -66*n - 4. Let x(z) be the second derivative of -11*z**3 - 2*z**2 + 18*z. Let i(o) = -4*l(o) + 3*x(o). What is the units digit of i(1)?
0
Let q = -35446 + 66099. What is the units digit of q?
3
Let l(o) = -2*o + 37*o - 25 + 8. Let r = 1277 - 1274. What is the tens digit of l(r)?
8
Let q = -379 - -386. Suppose q*h - 4331 - 1115 = 0. What is the units digit of h?
8
Let d = 29249 - 16233. What is the ten thousands digit of d?
1
Suppose l = -3*q + 7743, 3*l - 11626 = -3*q + 11621. What is the thousands digit of l?
7
Suppose 2227*r = 2276*r - 386071. What is the units digit of r?
9
Let y(l) = 7*l - 34. Let t(a) = -6*a + 33. Let z be 1*-3*(-56)/42. Let q(d) = z*t(d) + 3*y(d). What is the units digit of q(9)?
3
What is the thousands digit of 137259/81 - 16/(-36)?
1
Suppose -2*x + 34*x - 478667 = 326293. What is the tens digit of x?
5
Let f(v) = 41*v**3 - v**2 - 6*v + 11. Let t be (3 + 133/(-49))/((-4)/(-28)). What is the tens digit of f(t)?
2
Let y(i) = i + 4. Suppose 6*u - 52 = 4*u. Suppose -4*a + 20 = 4*t, -4*t - 5*a - 6 = -u. What is the units digit of y(t)?
9
Suppose -17*n + 231148 = -189925. What is the tens digit of n?
6
Suppose 4*k - 3*p - 497 = 0, 10 = -3*p + 1. Suppose -400 - k = -3*u. What is the units digit of u?
4
Let o be ((-1)/(-1) + -2)*-25. Let q(p) = -p**3 + 28*p**2 - 52*p - 10. What is the units digit of q(o)?
5
Let r be ((-264)/(-14))/4 - (-4)/14. Suppose 0 = r*l - 3*l - 94. Let x = 6 + l. What is the units digit of x?
3
Suppose -7*n - 114458 = -15*n + 209254. What is the units digit of n?
4
Let m = -63 + 79. Let y be (m/3)/4*(-3)/(-4). What is the units digit of (-8)/(-4) + y + (197 - 1)?
9
Let y = 10 - 45. Let c be 7/(y/710)*-1. Let r = c + -93. What is the tens digit of r?
4
Let k(z) = -15*z + 81. Let y be k(8). Let u = y - -80. What is the units digit of u?
1
Suppose 0 = f - 5*f + 16. Let o = -2513 - -2517. Suppose f*z = -0*z + o*h + 1148, 0 = -3*z - 4*h + 833. What is the hundreds digit of z?
2
What is the hundreds digit of (-60)/40*6788/(-3)?
3
Let b be (18*16/576)/(1/730). Let r = -62 - -156. Suppose 0 = 3*c - 5*w - b - r, 4*w = -c + 153. What is the hundreds digit of c?
1
Suppose -z = m - 4, -m - 3*m - 2*z = -12. Suppose -2*a + m*n - 9 = 99, -a = 2*n + 45. What is the units digit of (-2*2/(-12))/((-17)/a)?
1
Let f = 28 + -24. Suppose 0*d - 8 = -f*d. Suppose -4*g + 216 = d*u, 2*g + 0*u = u + 108. What is the tens digit of g?
5
Suppose v - 40 + 18 = 0. Let j = -15 + v. Suppose -9*h + j*h = -34. What is the units digit of h?
7
Suppose 12*g - 6 = -6. Suppose c - 944 + 177 = -3*h, -2*h + c + 518 = g. What is the units digit of h?
7
Suppose 2*g = 5*d - 4*d + 124, 3*g - 4*d - 176 = 0. Suppose g*q = 73*q - 7488. What is the hundreds digit of q?
8
Suppose 4*u = -3*s + 796, 2*s = 2*u - 7*u + 540. Suppose -19*g = -24*g + s. What is the units digit of g?
2
Suppose -3*d - d + 20 = 0. Let x(u) be the third derivative of u**5/30 - 5*u**4/24 + u**3 - 5*u**2 - 11. What is the tens digit of x(d)?
3
Let a(h) = -8*h**3 + 0*h**3 + 79*h**3. Let w be (-3)/(-6) + 1/2. What is the units digit of a(w)?
1
What is the ten thousands digit of (-54)/((-1188)/1